{"id":2643,"date":"2022-11-03T13:07:11","date_gmt":"2022-11-03T16:07:11","guid":{"rendered":"https:\/\/www.ellalabella.cl\/vitrina-ellalabella\/?post_type=club-ellalabella&#038;p=2643"},"modified":"2023-01-17T12:46:52","modified_gmt":"2023-01-17T15:46:52","slug":"nata-requesens","status":"publish","type":"club-ellalabella","link":"https:\/\/www.ellalabella.cl\/vitrina-ellalabella\/club-ellalabella\/nata-requesens\/","title":{"rendered":"Nata Requesens"},"content":{"rendered":"\n<p>Soy Artista Visual de la Universidad Finis Terrae. En sus inicios, mi proyecto art\u00edstico estuvo enfocado en la creaci\u00f3n de pinturas sobre tela y desde el 2020 comenc\u00e9 a explorar el mundo de la ilustraci\u00f3n digital y los patrones. A partir de esta exploraci\u00f3n, nace una serie de prints en formato fine art y otros productos que muestran un mundo floral lleno de color y que busca acercar el arte a un p\u00fablico con el fin de aportar energ\u00eda, alegr\u00eda y belleza a la vida de las personas.<\/p>\n\n\n\n<p><\/p>\n","protected":false},"featured_media":2645,"parent":0,"template":"","orden-de-la-marca-en-el-home":[73],"categoria-cupon":[22,37,18,63],"class_list":["post-2643","club-ellalabella","type-club-ellalabella","status-publish","has-post-thumbnail","hentry","orden-de-la-marca-en-el-home-abajo","categoria-cupon-arte","categoria-cupon-decoracion","categoria-cupon-diseno","categoria-cupon-otros"],"yoast_head":"<!-- This site is optimized with the Yoast SEO plugin v20.11 - https:\/\/yoast.com\/wordpress\/plugins\/seo\/ -->\n<title>Nata Requesens - Vitrina Ellalabella<\/title>\n<meta name=\"robots\" content=\"index, follow, max-snippet:-1, max-image-preview:large, max-video-preview:-1\" \/>\n<link rel=\"canonical\" href=\"https:\/\/www.ellalabella.cl\/vitrina-ellalabella\/club-ellalabella\/nata-requesens\/\" \/>\n<meta property=\"og:locale\" content=\"es_ES\" \/>\n<meta property=\"og:type\" content=\"article\" \/>\n<meta property=\"og:title\" content=\"Nata Requesens - Vitrina Ellalabella\" \/>\n<meta property=\"og:description\" content=\"Soy Artista Visual de la Universidad Finis Terrae. En sus inicios, mi proyecto art\u00edstico estuvo enfocado en la creaci\u00f3n de pinturas sobre tela y desde el 2020 comenc\u00e9 a explorar el mundo de la ilustraci\u00f3n digital y los patrones. A partir de esta exploraci\u00f3n, nace una serie de prints en formato fine art y otros [&hellip;]\" \/>\n<meta property=\"og:url\" content=\"https:\/\/www.ellalabella.cl\/vitrina-ellalabella\/club-ellalabella\/nata-requesens\/\" \/>\n<meta property=\"og:site_name\" content=\"Vitrina Ellalabella\" \/>\n<meta property=\"article:modified_time\" content=\"2023-01-17T15:46:52+00:00\" \/>\n<meta property=\"og:image\" content=\"https:\/\/www.ellalabella.cl\/vitrina-ellalabella\/wp-content\/uploads\/2022\/11\/2.png\" \/>\n\t<meta property=\"og:image:width\" content=\"1434\" \/>\n\t<meta property=\"og:image:height\" content=\"958\" \/>\n\t<meta property=\"og:image:type\" content=\"image\/png\" \/>\n<meta name=\"twitter:card\" content=\"summary_large_image\" \/>\n<meta name=\"twitter:label1\" content=\"Tiempo de lectura\" \/>\n\t<meta name=\"twitter:data1\" content=\"1 minuto\" \/>\n<script type=\"application\/ld+json\" class=\"yoast-schema-graph\">{\"@context\":\"https:\/\/schema.org\",\"@graph\":[{\"@type\":\"WebPage\",\"@id\":\"https:\/\/www.ellalabella.cl\/vitrina-ellalabella\/club-ellalabella\/nata-requesens\/\",\"url\":\"https:\/\/www.ellalabella.cl\/vitrina-ellalabella\/club-ellalabella\/nata-requesens\/\",\"name\":\"Nata Requesens - Vitrina Ellalabella\",\"isPartOf\":{\"@id\":\"https:\/\/www.ellalabella.cl\/vitrina-ellalabella\/#website\"},\"datePublished\":\"2022-11-03T16:07:11+00:00\",\"dateModified\":\"2023-01-17T15:46:52+00:00\",\"breadcrumb\":{\"@id\":\"https:\/\/www.ellalabella.cl\/vitrina-ellalabella\/club-ellalabella\/nata-requesens\/#breadcrumb\"},\"inLanguage\":\"es\",\"potentialAction\":[{\"@type\":\"ReadAction\",\"target\":[\"https:\/\/www.ellalabella.cl\/vitrina-ellalabella\/club-ellalabella\/nata-requesens\/\"]}]},{\"@type\":\"BreadcrumbList\",\"@id\":\"https:\/\/www.ellalabella.cl\/vitrina-ellalabella\/club-ellalabella\/nata-requesens\/#breadcrumb\",\"itemListElement\":[{\"@type\":\"ListItem\",\"position\":1,\"name\":\"Portada\",\"item\":\"https:\/\/www.ellalabella.cl\/vitrina-ellalabella\/\"},{\"@type\":\"ListItem\",\"position\":2,\"name\":\"Club Ellalabella\",\"item\":\"https:\/\/www.ellalabella.cl\/vitrina-ellalabella\/club-ellalabella\/\"},{\"@type\":\"ListItem\",\"position\":3,\"name\":\"Nata Requesens\"}]},{\"@type\":\"WebSite\",\"@id\":\"https:\/\/www.ellalabella.cl\/vitrina-ellalabella\/#website\",\"url\":\"https:\/\/www.ellalabella.cl\/vitrina-ellalabella\/\",\"name\":\"Vitrina Ellalabella\",\"description\":\"Beneficios que buscan la belleza integral\",\"publisher\":{\"@id\":\"https:\/\/www.ellalabella.cl\/vitrina-ellalabella\/#organization\"},\"potentialAction\":[{\"@type\":\"SearchAction\",\"target\":{\"@type\":\"EntryPoint\",\"urlTemplate\":\"https:\/\/www.ellalabella.cl\/vitrina-ellalabella\/?s={search_term_string}\"},\"query-input\":\"required name=search_term_string\"}],\"inLanguage\":\"es\"},{\"@type\":\"Organization\",\"@id\":\"https:\/\/www.ellalabella.cl\/vitrina-ellalabella\/#organization\",\"name\":\"Vitrina Ellalabella\",\"url\":\"https:\/\/www.ellalabella.cl\/vitrina-ellalabella\/\",\"logo\":{\"@type\":\"ImageObject\",\"inLanguage\":\"es\",\"@id\":\"https:\/\/www.ellalabella.cl\/vitrina-ellalabella\/#\/schema\/logo\/image\/\",\"url\":\"https:\/\/www.ellalabella.cl\/vitrina-ellalabella\/wp-content\/uploads\/2021\/05\/vitrina-logo.png\",\"contentUrl\":\"https:\/\/www.ellalabella.cl\/vitrina-ellalabella\/wp-content\/uploads\/2021\/05\/vitrina-logo.png\",\"width\":400,\"height\":194,\"caption\":\"Vitrina Ellalabella\"},\"image\":{\"@id\":\"https:\/\/www.ellalabella.cl\/vitrina-ellalabella\/#\/schema\/logo\/image\/\"},\"sameAs\":[\"https:\/\/web.whatsapp.com\/\",\"https:\/\/whatsapp.com\/\"]}]}<\/script>\n<!-- \/ Yoast SEO plugin. -->","yoast_head_json":{"title":"Nata Requesens - Vitrina Ellalabella","robots":{"index":"index","follow":"follow","max-snippet":"max-snippet:-1","max-image-preview":"max-image-preview:large","max-video-preview":"max-video-preview:-1"},"canonical":"https:\/\/www.ellalabella.cl\/vitrina-ellalabella\/club-ellalabella\/nata-requesens\/","og_locale":"es_ES","og_type":"article","og_title":"Nata Requesens - Vitrina Ellalabella","og_description":"Soy Artista Visual de la Universidad Finis Terrae. En sus inicios, mi proyecto art\u00edstico estuvo enfocado en la creaci\u00f3n de pinturas sobre tela y desde el 2020 comenc\u00e9 a explorar el mundo de la ilustraci\u00f3n digital y los patrones. A partir de esta exploraci\u00f3n, nace una serie de prints en formato fine art y otros [&hellip;]","og_url":"https:\/\/www.ellalabella.cl\/vitrina-ellalabella\/club-ellalabella\/nata-requesens\/","og_site_name":"Vitrina Ellalabella","article_modified_time":"2023-01-17T15:46:52+00:00","og_image":[{"width":1434,"height":958,"url":"https:\/\/www.ellalabella.cl\/vitrina-ellalabella\/wp-content\/uploads\/2022\/11\/2.png","type":"image\/png"}],"twitter_card":"summary_large_image","twitter_misc":{"Tiempo de lectura":"1 minuto"},"schema":{"@context":"https:\/\/schema.org","@graph":[{"@type":"WebPage","@id":"https:\/\/www.ellalabella.cl\/vitrina-ellalabella\/club-ellalabella\/nata-requesens\/","url":"https:\/\/www.ellalabella.cl\/vitrina-ellalabella\/club-ellalabella\/nata-requesens\/","name":"Nata Requesens - Vitrina Ellalabella","isPartOf":{"@id":"https:\/\/www.ellalabella.cl\/vitrina-ellalabella\/#website"},"datePublished":"2022-11-03T16:07:11+00:00","dateModified":"2023-01-17T15:46:52+00:00","breadcrumb":{"@id":"https:\/\/www.ellalabella.cl\/vitrina-ellalabella\/club-ellalabella\/nata-requesens\/#breadcrumb"},"inLanguage":"es","potentialAction":[{"@type":"ReadAction","target":["https:\/\/www.ellalabella.cl\/vitrina-ellalabella\/club-ellalabella\/nata-requesens\/"]}]},{"@type":"BreadcrumbList","@id":"https:\/\/www.ellalabella.cl\/vitrina-ellalabella\/club-ellalabella\/nata-requesens\/#breadcrumb","itemListElement":[{"@type":"ListItem","position":1,"name":"Portada","item":"https:\/\/www.ellalabella.cl\/vitrina-ellalabella\/"},{"@type":"ListItem","position":2,"name":"Club Ellalabella","item":"https:\/\/www.ellalabella.cl\/vitrina-ellalabella\/club-ellalabella\/"},{"@type":"ListItem","position":3,"name":"Nata Requesens"}]},{"@type":"WebSite","@id":"https:\/\/www.ellalabella.cl\/vitrina-ellalabella\/#website","url":"https:\/\/www.ellalabella.cl\/vitrina-ellalabella\/","name":"Vitrina Ellalabella","description":"Beneficios que buscan la belleza integral","publisher":{"@id":"https:\/\/www.ellalabella.cl\/vitrina-ellalabella\/#organization"},"potentialAction":[{"@type":"SearchAction","target":{"@type":"EntryPoint","urlTemplate":"https:\/\/www.ellalabella.cl\/vitrina-ellalabella\/?s={search_term_string}"},"query-input":"required name=search_term_string"}],"inLanguage":"es"},{"@type":"Organization","@id":"https:\/\/www.ellalabella.cl\/vitrina-ellalabella\/#organization","name":"Vitrina Ellalabella","url":"https:\/\/www.ellalabella.cl\/vitrina-ellalabella\/","logo":{"@type":"ImageObject","inLanguage":"es","@id":"https:\/\/www.ellalabella.cl\/vitrina-ellalabella\/#\/schema\/logo\/image\/","url":"https:\/\/www.ellalabella.cl\/vitrina-ellalabella\/wp-content\/uploads\/2021\/05\/vitrina-logo.png","contentUrl":"https:\/\/www.ellalabella.cl\/vitrina-ellalabella\/wp-content\/uploads\/2021\/05\/vitrina-logo.png","width":400,"height":194,"caption":"Vitrina Ellalabella"},"image":{"@id":"https:\/\/www.ellalabella.cl\/vitrina-ellalabella\/#\/schema\/logo\/image\/"},"sameAs":["https:\/\/web.whatsapp.com\/","https:\/\/whatsapp.com\/"]}]}},"_links":{"self":[{"href":"https:\/\/www.ellalabella.cl\/vitrina-ellalabella\/wp-json\/wp\/v2\/club-ellalabella\/2643","targetHints":{"allow":["GET"]}}],"collection":[{"href":"https:\/\/www.ellalabella.cl\/vitrina-ellalabella\/wp-json\/wp\/v2\/club-ellalabella"}],"about":[{"href":"https:\/\/www.ellalabella.cl\/vitrina-ellalabella\/wp-json\/wp\/v2\/types\/club-ellalabella"}],"version-history":[{"count":4,"href":"https:\/\/www.ellalabella.cl\/vitrina-ellalabella\/wp-json\/wp\/v2\/club-ellalabella\/2643\/revisions"}],"predecessor-version":[{"id":2947,"href":"https:\/\/www.ellalabella.cl\/vitrina-ellalabella\/wp-json\/wp\/v2\/club-ellalabella\/2643\/revisions\/2947"}],"wp:featuredmedia":[{"embeddable":true,"href":"https:\/\/www.ellalabella.cl\/vitrina-ellalabella\/wp-json\/wp\/v2\/media\/2645"}],"wp:attachment":[{"href":"https:\/\/www.ellalabella.cl\/vitrina-ellalabella\/wp-json\/wp\/v2\/media?parent=2643"}],"wp:term":[{"taxonomy":"orden-de-la-marca-en-el-home","embeddable":true,"href":"https:\/\/www.ellalabella.cl\/vitrina-ellalabella\/wp-json\/wp\/v2\/orden-de-la-marca-en-el-home?post=2643"},{"taxonomy":"categoria-cupon","embeddable":true,"href":"https:\/\/www.ellalabella.cl\/vitrina-ellalabella\/wp-json\/wp\/v2\/categoria-cupon?post=2643"}],"curies":[{"name":"wp","href":"https:\/\/api.w.org\/{rel}","templated":true}]}}

<p>Soy Artista Visual de la Universidad Finis Terrae. En sus inicios, mi proyecto artístico estuvo enfocado en la creación de pinturas sobre tela y desde el 2020 comencé a explorar el mundo de la ilustración digital y los patrones. A partir de esta exploración, nace una serie de prints en formato fine art y otros productos que muestran un mundo floral lleno de color y que busca acercar el arte a un público con el fin de aportar energía, alegría y belleza a la vida de las personas.</p>



<p></p>

<!-- This site is optimized with the Yoast SEO plugin v20.11 - https://yoast.com/wordpress/plugins/seo/ -->
<title>Nata Requesens - Vitrina Ellalabella</title>
<meta name="robots" content="index, follow, max-snippet:-1, max-image-preview:large, max-video-preview:-1" />
<link rel="canonical" href="https://www.ellalabella.cl/vitrina-ellalabella/club-ellalabella/nata-requesens/" />
<meta property="og:locale" content="es_ES" />
<meta property="og:type" content="article" />
<meta property="og:title" content="Nata Requesens - Vitrina Ellalabella" />
<meta property="og:description" content="Soy Artista Visual de la Universidad Finis Terrae. En sus inicios, mi proyecto artístico estuvo enfocado en la creación de pinturas sobre tela y desde el 2020 comencé a explorar el mundo de la ilustración digital y los patrones. A partir de esta exploración, nace una serie de prints en formato fine art y otros [&hellip;]" />
<meta property="og:url" content="https://www.ellalabella.cl/vitrina-ellalabella/club-ellalabella/nata-requesens/" />
<meta property="og:site_name" content="Vitrina Ellalabella" />
<meta property="article:modified_time" content="2023-01-17T15:46:52+00:00" />
<meta property="og:image" content="https://www.ellalabella.cl/vitrina-ellalabella/wp-content/uploads/2022/11/2.png" />
	<meta property="og:image:width" content="1434" />
	<meta property="og:image:height" content="958" />
	<meta property="og:image:type" content="image/png" />
<meta name="twitter:card" content="summary_large_image" />
<meta name="twitter:label1" content="Tiempo de lectura" />
	<meta name="twitter:data1" content="1 minuto" />
<script type="application/ld+json" class="yoast-schema-graph">{"@context":"https://schema.org","@graph":[{"@type":"WebPage","@id":"https://www.ellalabella.cl/vitrina-ellalabella/club-ellalabella/nata-requesens/","url":"https://www.ellalabella.cl/vitrina-ellalabella/club-ellalabella/nata-requesens/","name":"Nata Requesens - Vitrina Ellalabella","isPartOf":{"@id":"https://www.ellalabella.cl/vitrina-ellalabella/#website"},"datePublished":"2022-11-03T16:07:11+00:00","dateModified":"2023-01-17T15:46:52+00:00","breadcrumb":{"@id":"https://www.ellalabella.cl/vitrina-ellalabella/club-ellalabella/nata-requesens/#breadcrumb"},"inLanguage":"es","potentialAction":[{"@type":"ReadAction","target":["https://www.ellalabella.cl/vitrina-ellalabella/club-ellalabella/nata-requesens/"]}]},{"@type":"BreadcrumbList","@id":"https://www.ellalabella.cl/vitrina-ellalabella/club-ellalabella/nata-requesens/#breadcrumb","itemListElement":[{"@type":"ListItem","position":1,"name":"Portada","item":"https://www.ellalabella.cl/vitrina-ellalabella/"},{"@type":"ListItem","position":2,"name":"Club Ellalabella","item":"https://www.ellalabella.cl/vitrina-ellalabella/club-ellalabella/"},{"@type":"ListItem","position":3,"name":"Nata Requesens"}]},{"@type":"WebSite","@id":"https://www.ellalabella.cl/vitrina-ellalabella/#website","url":"https://www.ellalabella.cl/vitrina-ellalabella/","name":"Vitrina Ellalabella","description":"Beneficios que buscan la belleza integral","publisher":{"@id":"https://www.ellalabella.cl/vitrina-ellalabella/#organization"},"potentialAction":[{"@type":"SearchAction","target":{"@type":"EntryPoint","urlTemplate":"https://www.ellalabella.cl/vitrina-ellalabella/?s={search_term_string}"},"query-input":"required name=search_term_string"}],"inLanguage":"es"},{"@type":"Organization","@id":"https://www.ellalabella.cl/vitrina-ellalabella/#organization","name":"Vitrina Ellalabella","url":"https://www.ellalabella.cl/vitrina-ellalabella/","logo":{"@type":"ImageObject","inLanguage":"es","@id":"https://www.ellalabella.cl/vitrina-ellalabella/#/schema/logo/image/","url":"https://www.ellalabella.cl/vitrina-ellalabella/wp-content/uploads/2021/05/vitrina-logo.png","contentUrl":"https://www.ellalabella.cl/vitrina-ellalabella/wp-content/uploads/2021/05/vitrina-logo.png","width":400,"height":194,"caption":"Vitrina Ellalabella"},"image":{"@id":"https://www.ellalabella.cl/vitrina-ellalabella/#/schema/logo/image/"},"sameAs":["https://web.whatsapp.com/","https://whatsapp.com/"]}]}</script>
<!-- / Yoast SEO plugin. -->

Soy Artista Visual de la Universidad Finis Terrae. En sus inicios, mi proyecto artístico estuvo enfocado en la creación de pinturas sobre tela y desde el 2020 comencé a explorar el mundo de la ilustración digital y los patrones. A partir de esta exploración, nace una serie de prints en formato fine art y otros [&hellip;]
